{"id":755,"date":"2023-05-04T19:00:01","date_gmt":"2023-05-04T16:00:01","guid":{"rendered":"https:\/\/rauma.tokiosushi.fi\/?post_type=product&#038;p=755"},"modified":"2025-03-28T12:25:07","modified_gmt":"2025-03-28T09:25:07","slug":"x4-kana-poke-bowl","status":"publish","type":"product","link":"https:\/\/rauma.tokiosushi.fi\/index.php\/product\/x4-kana-poke-bowl\/","title":{"rendered":"X4. Kana poke bowl"},"content":{"rendered":"<p>kana koipiresi, avocado, valkokaali, persikka, inkiv\u00e4\u00e4ri, edamame papu, maissi, wakame, unagikastike ja riisi<\/p>\n","protected":false},"excerpt":{"rendered":"<p>Sis\u00e4lt\u00e4\u00e4: L,V,G<\/p>\n","protected":false},"featured_media":754,"template":"","meta":[],"_links":{"self":[{"href":"https:\/\/rauma.tokiosushi.fi\/index.php\/wp-json\/wp\/v2\/product\/755"}],"collection":[{"href":"https:\/\/rauma.tokiosushi.fi\/index.php\/wp-json\/wp\/v2\/product"}],"about":[{"href":"https:\/\/rauma.tokiosushi.fi\/index.php\/wp-json\/wp\/v2\/types\/product"}],"wp:featuredmedia":[{"embeddable":true,"href":"https:\/\/rauma.tokiosushi.fi\/index.php\/wp-json\/wp\/v2\/media\/754"}],"wp:attachment":[{"href":"https:\/\/rauma.tokiosushi.fi\/index.php\/wp-json\/wp\/v2\/media?parent=755"}],"curies":[{"name":"wp","href":"https:\/\/api.w.org\/{rel}","templated":true}]}}